/(b/9). Let v(d) be the first derivative of 2*d**3 + d**2/2 + d + 1. Determine v(g).
6
Let h(j) = j**3 + 7*j**2 + j + 14. Let q be h(-7). Let m(t) = -t**2 + 8*t - 6. Calculate m(q).
1
Suppose 4*o - 4*p = 4, 2*o + 4 - 1 = -3*p. Suppose 3*m - 8 + 2 = o. Let r(g) = -g**3 + g**2 - 2. Give r(m).
-6
Let x(g) = 5*g**3 - 8*g**2 + 8*g + 4. Let s(f) = f**3 - 2*f**2 + 2*f + 1. Let z(b) = -9*s(b) + 2*x(b). Give z(-3).
-4
Let h = -2 + 4. Let b(n) = 2*n**h - 2*n + 3*n - 2 - 3*n**3 + 2*n**3. Let u = -108 - -111. Give b(u).
-8
Let f(w) = -w + 5. Let x = 5 + 0. What is f(x)?
0
Let t(k) = k**2 + 10*k + 7. Let x(f) = 2*f**2 + 21*f + 15. Let u(c) = 5*t(c) - 2*x(c). Let o(l) = -29*l**2 + 172*l + 6. Let q be o(6). Calculate u(q).
-7
Let o(n) = n**2 + 6*n + 5. Let w be 5/1 - (-5)/5. Let m(x) = -x**2 + 4*x + 8. Let s be m(w). Give o(s).
-3
Let o(h) = 4*h - 3*h + 3 - 4. Calculate o(1).
0
Let i be (-34)/(-8) - (-2)/(-8). Let h(g) = -g**3 + 2*g**2 + 5*g + 1. Determine h(i).
-11
Let a(y) = -2*y + 5 + 3*y - 3. Let c(p) = p + 4. Let u = -9 - -5. Let k be c(u). Calculate a(k).
2
Let x(c) = c**2 - 9*c + 10. Let u be x(8). Let f(p) = 4*p + 7. Let k(d) = d + 2. Let s(w) = u*f(w) - 7*k(w). Calculate s(1).
1
Let z(u) = -u**3 + u. Suppose l - 5 = 4*m - 17, -2*l = 8. Let x(n) = -n**3 + n**2 + n - 1. Suppose -2*v - 4 = 2*v. Let k(b) = m*z(b) + v*x(b). Give k(2).
-9
Let h(g) = -3 + g + 1 + 0 - 118*g**2 + g**3 + 125*g**2. Determine h(-7).
-9
Let g(o) = o**2 - 13*o + 24. Let n be g(11). Let t(l) = l**3 - l**2. Let j(r) = 3*r**3 - 4*r + 3. Let w(i) = j(i) - 4*t(i). What is w(n)?
3
Let a(u) be the first derivative of -u**2/2 + 3*u - 3. What is a(4)?
-1
Let x(m) = m**3 + 3*m**2 + 2*m - 7. Let f(c) = c**3 + 2*c**2 + c - 6. Let r(a) = -7*f(a) + 6*x(a). Determine r(4).
20
Let h = -2 - -6. Let j(b) = 0*b + 2*b - 4 + 1 + 2. Calculate j(h).
7
Let a(k) = -5*k**2 + k + 7. Let x(g) = -6*g**2 + 2*g + 7. Let f(w) = -5*a(w) + 4*x(w). Let s be 28/(-6) - (-1)/(-3). What is f(s)?
3
Let m(r) = -r**3 - 3*r**2 - 4*r - 2. Let t = -26 + 39. Let j be (-4)/10 + t/(-5). Let l be (18/(-6))/(j/(-2)). Determine m(l).
2
Suppose 10*v = 8*v + 6. Suppose 1 = -2*z - c, 5*c + 5 = 2*z + 2*z. Let h(u) = u - 3*u + 7 + z*u + v*u. Give h(-6).
1
Let d(x) be the second derivative of x**4/12 - 5*x**3/6 - x**2 + 10*x. Calculate d(3).
-8
Let g(p) = -7*p - 4. Let o(i) = -15*i - 9. Let t(a) = -5*g(a) + 2*o(a). Determine t(3).
17
Let x = -28 + 30. Let p(b) = -2*b**3 + 3*b**2 - b - 1. What is p(x)?
-7
Let a be ((-7)/(-2))/((-3)/6). Let o = a + 8. Let q(y) = y**2 + y - 1. Calculate q(o).
1
Let x(y) = -3*y + 0 + y**3 + 0 + 2 - 4*y**2. Let v be (7*(-8)/(-168))/(2/24). Calculate x(v).
-10
Let u(o) = o**3 - o**2 + o + 7. Let h be u(0). Let k(a) = -a**3 + 7*a**2 + 2. Let c be k(h). Let w(l) = -l**2 + 2*l - 1. Determine w(c).
-1
Let u be 1*(-4)/10*-5. Suppose 3*n = 8*n - h - u, 4*n + 6 = -3*h. Let p(a) = -a + 9. Calculate p(n).
9
Let p(s) = 0*s - 2 + 8*s - 7*s. Determine p(6).
4
Let o(h) = h**2 - 5*h - 4. Let f be (-16)/(-24) - (-38)/6. Give o(f).
10
Suppose 0 = 2*n - q + 5*q, 4*n - 5*q = 26. Suppose -u = 3*w + 1, -n = 2*w - 4*w - 3*u. Let m(x) = 9*x**2 - 1. What is m(w)?
8
Suppose -16 = m + 3*m. Let b be 46/(-10) - m/(-10). Let g(a) = a**2 + 4*a - 7. Determine g(b).
-2
Let d(a) = 3 + 3*a**2 + 2*a**3 - 5 - a**3 - 4 - 5*a. Determine d(-4).
-2
Let o(u) = -4*u + 10*u**2 + 3 - 21*u**2 + 12*u**2 - 3*u. Calculate o(6).
-3
Let o(j) = 4*j - 8. Let h(p) = 7*p - 16. Suppose -2*s = -6*s - 20. Let r(c) = s*o(c) + 3*h(c). What is r(6)?
-2
Let v = 6 + -2. Suppose v*k - 3 = 9. Let c(f) be the second derivative of f**5/20 - f**4/4 - 2*f**3/3 + f**2 - f. Give c(k).
-10
Let v(a) = -38*a + 2*a**2 + 14*a + 13*a + 1 + 12*a. What is v(2)?
11
Let a(o) = o**2 - o + 1. Let f = 3 + 0. Let n be f + (-1)/(-1)*-2. Determine a(n).
1
Suppose -17*d + 12*d - 35 = 0. Let n(l) = l**2 + 5*l + 1. Calculate n(d).
15
Let g = -302 - -302. Let f(l) be the third derivative of l**5/60 - 4*l**3/3 - l**2. Determine f(g).
-8
Suppose 4*w = -0*w - 20. Let o = -7 - w. Let f(m) = -4*m + 4*m + m + 2. Determine f(o).
0
Suppose g + 3 = -0*g. Let x(m) = -m**3 + 5*m**2 + 4*m + 6. Let i be x(6). Let j = i - g. Let d(c) = c**3 + c**2 - 5*c - 3. What is d(j)?
-6
Let l(m) be the second derivative of 13*m**5/20 + m**4/12 + m**3/6 - m**2/2 + 25*m. Give l(1).
14
Let y(z) = z**2 + 11*z + 1. Let o be y(-11). Let r(g) = 4 + o + 1 - g + 1. Give r(5).
2
Let w(u) = u**2 + u + 4. Let b be (-3)/9 - 2/(-6). Suppose 0 = -b*h - 4*h. Give w(h).
4
Let s = 138 + -275/2. Let o(w) be the second derivative of 1/20*w**5 + w**2 + 0 + 3*w + 1/12*w**4 - s*w**3. Give o(-3).
-7
Let k(s) = -s**3 - 16*s**2 + s + 20. Let c be k(-16). Let z(n) = -2*n - n - 10*n**3 + 3*n**2 + c*n - n**2. Let b be (-2)/(2 - (2 + -2)). What is z(b)?
11
Let z(m) be the second derivative of -m**4/3 - m**3/6 - m**2/2 + 5*m. Calculate z(-1).
-4
Let l be (2/(-5))/(1/(-5)). Let j(q) = -2*q**2 + 2*q - 3. Determine j(l).
-7
Let s(r) be the first derivative of 8*r + 3 + 1/3*r**3 + 7/2*r**2. Determine s(-7).
8
Suppose -3*x + 12 = -3*v, -23 = -5*x - 2*v - 3. Let i(z) = -z**3 + 5*z**2 - 7*z + 5. Calculate i(x).
-7
Let o(f) = -f**3 - 4*f**2 + 4*f - 2. Let x be o(-5). Suppose -x*b + 2*b = -2. Let s(n) = n - n - n**b - n. What is s(-1)?
0
Let q(v) = 3*v - 3. Let b(o) = -4*o + 5. Let y = 18 + -23. Let d(x) = y*b(x) - 7*q(x). Give d(-3).
-1
Suppose -2*f = 5*i - 19, -5*f = 5 + 10. Let w(t) be the first derivative of -t**4/4 + 4*t**3/3 + 3*t**2 + 3*t + 6. What is w(i)?
8
Let k(m) be the first derivative of -3*m**4/4 - m - 1. Give k(-1).
2
Let k be (24/(-28))/((-2)/(-14)). Let f(w) be the first derivative of -w**3/3 - 5*w**2/2 + 6*w + 1. Give f(k).
0
Let c(s) = -s - 2. Let p = 28 - 28. Determine c(p).
-2
Let l(j) = j**2 - 4*j + 2. Let i = 123 - 118. Give l(i).
7
Let o(y) = -y**2 - 7*y + 2. Let q(n) = -n**2 - 6*n + 2. Let w(f) = -3*o(f) + 4*q(f). Determine w(-5).
-8
Let y(g) = 2*g**2 + 4*g + 3. Suppose -5*k = -1 + 11. Determine y(k).
3
Let f(t) = t**3 + 1. Let r(a) = a**3 + 4*a**2 - 2*a + 2. Suppose 2*k = 4*o - 14, 0*k + 5*k = -25. Let b(u) = o*r(u) - 3*f(u). Determine b(2).
-5
Suppose 4*f - 27 = -5*h, -5*f + 20 - 8 = -h. Let m(v) = 0 - 5*v + 5 - 3. Calculate m(h).
-13
Let m(g) be the first derivative of -g**3/3 + 7*g**2/2 - 4*g + 15. Let b = 22 + -15. Determine m(b).
-4
Let o(g) = -g**2 + 6*g - 3. Let f be o(5). Let p(k) = 5*k - f*k**2 + k**3 + 7*k**2 + 4*k**2 + 7 - 3*k**2. Determine p(-5).
7
Let w(b) = b - 3. Let l = 1 + -1. Let m be (-2)/((l + 1)/6). Let u be (-45)/m - (-1)/4. What is w(u)?
1
Suppose 5*m + 26 - 46 = 0. Suppose 5*o + 6 = -34. Let u = m + o. Let i(f) = -2*f - 3. Calculate i(u).
5
Suppose 2*x - 1 = b, 2*b + 7 = -b + 4*x. Let o(c) = -6*c**2 - 4 - c**3 - c**3 - 6*c + c**3. Calculate o(b).
1
Let i(n) = 3*n**3 + 8*n + 8. Let k(m) = -m**3 - m**2 - m - 1. Let a(l) = -i(l) - 4*k(l). Let j be (3 + 35/(-10))*(7 + 1). What is a(j)?
12
Let h be (-66)/(-18) - (-2)/6. Let c(z) = 5*z**2 - h*z**2 + 3 - 8 - 6*z. Determine c(6).
-5
Suppose 3*w + r + 11 = 0, r + 3*r = 3*w + 31. Let a(i) = -i**3 - 5*i**2 - 3*i + 5. Give a(w).
20
Let f(y) = 1 - y - 2*y + y**3 + 1 + 5*y**2 + 8*y. Give f(-4).
-2
Let p be (3/2)/((-3)/(-4)). Let m(d) = 10*d + 3 + 12*d**3 + 0 - 13*d - 10*d**3. Calculate m(p).
13
Let n(r) = -r**2 - 2*r + 2. Let j = -6 - -2. What is n(j)?
-6
Let k be ((-5)/3)/(2/6). Let r(x) = x**2 - 4 - 6*x + 2 + 1 + 8*x. Determine r(k).
14
Let j be (-4)/18 + 183/(-27). Let w(o) = -5*o - 5. Let p(t) = -6*t - 6. Let f(i) = 4*p(i) - 5*w(i). Let r(h) = 4*h + 4. Let c(g) = j*f(g) + 2*r(g). Give c(-1).
0
Suppose 15*y - 32*y = 34. Let v(z) = 1 + 0*z + 2 + 3*z - z**2. Calculate v(y).
-7
Let d(a) = -a**2 - 11*a. Let x(t) = 2*t**2 + 9*t. Let u(w) = 5*d(w) + 6*x(w). What is u(1)?
6
Let q(o) = 2*o + 3. Suppose 2*v = -3*d + 3*v - 7, 1 = d - 2*v. Let x(h) = -h - 2. Let s(y) = d*q(y) - 4*x(y). Give s(2).
-5
Let l(f) = -f**3 - 5*f**2 + 3. Let z(x) = 3*x - x**2 - 4*x**2 + 6*x**2 + 1. Let o be z(-4). Suppose -10 = -n + o*k, -k - 1 = 2. Give l(n).
3
Let l(f) = 0*f + 1 + 3*f - 2*f. Determine l(-4).
-3
Let d(g) = 24 - g**2 - 19 + 5 + 5*g. Give d(8).
-14
Let f(m) = m**2 + 8*m + 7. Let u be f(-7). Let d(v) be the third derivative of -v**6/120 - v**5/60 + v**3/3 + 3*v**2. What is d(u)?
2
Let k